ommon factor of 93 and r.
31
Let m(o) = -2*o**2 - o. Let b be m(1). Let x be (8/b + -1)*-3. What is the highest common divisor of 77 and x?
11
Let p be 20/3*(-264)/(-16). What is the greatest common factor of 130 and p?
10
Let d(s) = 7*s + 5. Let f be d(-5). Let m = -28 - f. Calculate the highest common divisor of 6 and m.
2
Suppose 167*t - 162*t - 280 = 0. Calculate the greatest common factor of 7 and t.
7
Let j be 15 - (2/4*-2 - -1). Calculate the greatest common divisor of 135 and j.
15
Suppose -6*t + 4 = -5*t. Let c(k) = k**3 - 5*k**2 + 6*k - 5. Let z be c(t). Let g be 104 + 0*z/15. What is the highest common divisor of g and 13?
13
Let g be (8/6)/(2/72). Suppose -y = -3*p + 20 - g, -y + 32 = -5*p. Let b = y + 11. What is the greatest common divisor of 22 and b?
11
Let x be ((-2)/(-3))/((-8)/(-36)). Suppose 2*l + x = 15. Suppose 24 = -l*m + 10*m. Calculate the highest common divisor of m and 30.
6
Let k be (-16)/6*42/28 - -84. What is the greatest common factor of k and 5?
5
Let y = -15 - -40. Let j(o) = 9*o**2 + 71*o - 40. Let s be j(-10). What is the highest common factor of s and y?
25
Let k = 0 + 14. Let n = -12 + k. Suppose -1 = l - n. What is the highest common factor of 11 and l?
1
Suppose 2*w - 5*j + 5785 = 7*w, -5*j = -15. Suppose 5*o - w = -k, 3*o - 4*k - 332 - 365 = 0. Calculate the greatest common divisor of 33 and o.
33
Let k be (3 + -2 - -49)/1. Let m be ((-66)/(-165))/((-2)/(-10))*10. What is the greatest common factor of m and k?
10
Suppose -3*z - 9*z = -2376. Calculate the greatest common factor of z and 18.
18
Let l(b) = 2*b**3 - 4. Let f be l(0). Let o be -10*228/15*2/f. What is the highest common factor of 19 and o?
19
Let j = -542 - -563. Calculate the greatest common divisor of 15 and j.
3
Let w = -84 - -183. Suppose 5*n = 5*s + 336 + 99, -5*s = -n + w. Suppose 4*u = n - 16. Calculate the highest common factor of 17 and u.
17
Let o = 53 + -51. Suppose 0*g - g + 3 = 0, -2*j - 1 = -3*g. Suppose n - m - 2 = 0, -m - j = -n - n. What is the highest common divisor of n and o?
2
Suppose 4*q - 4*j = 436, 2*q - 164 - 51 = 5*j. What is the highest common divisor of q and 132?
22
Suppose -3*k - t + 103 = 0, -k = 2*k + 3*t - 93. What is the highest common divisor of k and 18?
18
Let a = 751 - 566. Let m = 252 - 178. Calculate the greatest common factor of m and a.
37
Suppose 2*f - 12 = -f. Let s(n) = -2*n + 1. Let y be s(f). Let z = 17 + y. What is the highest common divisor of z and 10?
10
Let p = -69 + 70. Let l(b) = 152*b**3 - b**2 - b + 2. Let n be l(p). What is the greatest common divisor of n and 19?
19
Suppose -3*d - 5*q = -0*q - 9, -5*d - 2*q + 34 = 0. Suppose -7*c + 5*c = d. Let j be c*10*2/(-4). Calculate the greatest common divisor of j and 30.
10
Let c(s) = s**3 + 6*s**2 + 4*s - 3. Let a be c(-5). Suppose -4*p + 18 = 2*r, -1 - a = -r + 4*p. What is the greatest common divisor of 7 and r?
7
Suppose 0 = 2*n - 3*f - 82, 9 = -5*f - 11. What is the greatest common factor of 315 and n?
35
Let k = -591 - -723. Calculate the highest common divisor of 12 and k.
12
Let x(v) = 3*v + 29. Let i be x(-9). Suppose 0 = -i*r + 47 + 1. What is the greatest common factor of 8 and r?
8
Let j be 9 - (-12 + 4 + 6). What is the greatest common factor of j and 22?
11
Let q be 1052/7 + ((-208)/56)/13. Calculate the highest common factor of q and 75.
75
Let u = 1233 + -633. What is the highest common factor of 60 and u?
60
Let o be (-32)/(-6) + 2/3. Suppose -o*n - 7 = -7*n. What is the highest common factor of 28 and n?
7
Suppose 2*j - 266 = 238. Calculate the highest common factor of 672 and j.
84
Let s be 27 - (4 + -1) - 18. Suppose 1 = g - l, -6 = -l - l. Suppose 3*t = -g*n + 36 + 129, -t - 1 = 0. Calculate the greatest common divisor of s and n.
6
Let n = -218 + 234. Calculate the greatest common divisor of 40 and n.
8
Suppose -n + 0*n = -2. Let t(r) = r**3 - 19*r**2 - 13*r - 72. Let w be t(20). Let o be (w/(-306))/((-2)/18). Calculate the greatest common factor of n and o.
2
Suppose 0 = 5*w - 2*q - 872, 2*w - 26*q + 22*q = 336. Calculate the highest common factor of w and 132.
44
Let m(c) = c**3 - 14*c**2 + 9*c + 14. Let h be m(14). Calculate the greatest common divisor of h and 56.
28
Suppose 0 = 5*x + 3*v - 20, x = -2*v - 3 - 0. Suppose -178 = -2*u - 5*h, -5*u + x*h = 3*h - 511. Calculate the highest common divisor of 9 and u.
9
Let w = 236 - 215. Calculate the greatest common factor of w and 105.
21
Let f be (7 - (-1576)/(-16))/((-3)/(-4)). Let m = f + 176. What is the highest common factor of m and 6?
6
Let j = -30 + 47. Let w = j - -23. Suppose -w = -3*f - 2*f. Calculate the greatest common factor of 24 and f.
8
Let b = 240 + -213. What is the greatest common factor of b and 30?
3
Suppose -4*o - 640 = -12*o. What is the greatest common factor of 144 and o?
16
Suppose 0 = -2*n + 62 - 2. Let t be 120/(12/2) - 5. Calculate the greatest common factor of n and t.
15
Let q(y) = 2*y**2 - 23*y - 169. Let p be q(-10). Calculate the highest common divisor of p and 116.
29
Let g be -7 - 1/((3/(-3))/3). Let r(s) = 3*s**2 + 9*s + 18. Let v be r(g). Calculate the highest common divisor of 6 and v.
6
Let m = 25 - 15. Let k be (-2)/(-5) - (-104)/40. Suppose -2*j + 3*p + 16 = 6*p, -p - 2 = -k*j. Calculate the highest common factor of m and j.
2
Suppose 3*o - 5*p = 107, 4 = -o + p + 43. Suppose -9*l + 180 = -18. Calculate the highest common divisor of o and l.
22
Let x(c) = 2*c + 9. Let q be x(-2). Let y(t) = t - 5. Let b be y(10). What is the highest common divisor of q and b?
5
Let o(b) = b**2 - 13*b - 60. Let d be o(-4). What is the highest common divisor of d and 584?
8
Let i be (-2)/6 + (-20)/(-6). Suppose m = -5*h + i*h + 108, 0 = -h - m + 54. Let w = h + -38. Calculate the greatest common divisor of w and 48.
16
Suppose -34*r = -43*r + 1215. What is the greatest common divisor of 108 and r?
27
Let j = -17 + 17. Suppose -2*d = -d + 4*g - 33, j = d - g - 8. Let s(i) = -i + 7. Let l be s(-6). What is the greatest common factor of l and d?
13
Let t = -577 - -649. What is the highest common divisor of t and 264?
24
Let n(t) = 64*t. Let f be n(1). Let a = 26 + -23. Let c be 4 + 16/a - 4/3. What is the highest common divisor of f and c?
8
Let v(h) = -6*h - 15. Let d be v(6). Let x = -41 - d. Calculate the highest common factor of x and 20.
10
Suppose -d - 4 = d + 2*i, 3*i + 4 = -5*d. Let t be ((-4)/(-6))/((-4)/12). Let f be 2*(0 + t)/(-4). What is the greatest common divisor of f and d?
1
Suppose 11 = -m + 2*m. Suppose -3 = d - 8, 0 = -3*a - 5*d + 58. Calculate the greatest common factor of a and m.
11
Let i(r) be the second derivative of -r**3/6 + 17*r**2/2 - 3*r. Let m be i(14). Let j be 1*(-4)/(-3)*m. Calculate the greatest common factor of j and 44.
4
Let h(u) = 11*u**2 - 3*u - 3. Let b(v) = v**3 + 10*v**2 - 3*v - 2. Let p(a) = 7*b(a) - 6*h(a). Let o be p(3). What is the highest common factor of 20 and o?
20
Let i = -116 + 155. Calculate the greatest common divisor of 3 and i.
3
Let v = 2477 + -2471. Let d = 0 + -2. Let w be d*1 + -1 + 15. Calculate the highest common factor of v and w.
6
Suppose 0 = -m - 2*y + 156, -2 = -3*y + 7. Calculate the highest common factor of m and 50.
50
Let g be (4 + -2)*9/18. Let x be (-70)/(-9) + 66/54 + -1. What is the greatest common divisor of x and g?
1
Let o be 1190/40 - (-6)/24. Suppose 7*z - 1650 = 2*z. Calculate the greatest common divisor of o and z.
30
Let z be 16/(-88) - 2/((-22)/35). Suppose -28 = -2*l + 3*h, 0*l - h - 35 = -z*l. What is the greatest common factor of l and 176?
11
Let z be (-1 + 13)*(-6 + (-14)/(-2)). What is the highest common divisor of 108 and z?
12
Let a = -59 - -64. Suppose -a*b + 2*z = -575, -20 = -2*z - 2*z. What is the highest common divisor of b and 13?
13
Suppose 4*f = 5*w - 138, -2*f = -4*w + 61 + 53. Let p(q) = 3*q - 12. Let s be p(8). What is the highest common factor of w and s?
6
Let a = 43 - 35. Suppose -5 = -a*o + 75. Let i(s) = s**2 + s + 3. Let g be i(-4). What is the highest common divisor of g and o?
5
Suppose -117 - 4628 = -13*d. Calculate the greatest common factor of 219 and d.
73
Suppose 0 = -6*f - 786 + 2994. What is the highest common divisor of 32 and f?
16
Let m(r) = r - 3. Let s be 2*((-1)/(-2))/(2/28). Let j be m(s). What is the greatest common factor o